335
In base 11, what is 8392 + 31?
8413
In base 5, what is 3 + -22314033?
-22314030
In base 16, what is 4 - 26096?
-26092
In base 7, what is 112342 - 0?
112342
In base 9, what is 358256 + -13?
358243
In base 14, what is -6db + -11d?
-81a
In base 14, what is -38cb - -2?
-38c9
In base 8, what is -201 - 7443?
-7644
In base 3, what is -10112011 + 122100?
-2212211
In base 6, what is -535 - 12014?
-12553
In base 16, what is -2 - c39?
-c3b
In base 14, what is 111a - 40a?
b10
In base 12, what is -1095 - -4?
-1091
In base 6, what is 55 + 131?
230
In base 4, what is 211201 + -1000?
210201
In base 14, what is 662 + 23?
685
In base 5, what is -1343320 + 4?
-1343311
In base 4, what is 213 + -23011?
-22132
In base 10, what is -2996 + 3?
-2993
In base 10, what is -4 + 11?
7
In base 6, what is -31433 - -5?
-31424
In base 10, what is -123 - -2427?
2304
In base 6, what is -1225 + -100543?
-102212
In base 3, what is 10120 - -1000?
11120
In base 9, what is 4 - -26226?
26231
In base 3, what is 10111102101 - 12?
10111102012
In base 4, what is -10120012020 - 11?
-10120012031
In base 15, what is -41 - 1197?
-11d8
In base 7, what is 10120 + -50?
10040
In base 16, what is 59b - -49?
5e4
In base 8, what is -4143 + 0?
-4143
In base 12, what is 96b + -9?
962
In base 15, what is 3 - -8355?
8358
In base 6, what is -20 + -325532?
-325552
In base 4, what is -12 - -2202102?
2202030
In base 12, what is 98 + -81?
17
In base 16, what is -3088 + a?
-307e
In base 2, what is -1010011110011 - 100001001?
-1010111111100
In base 13, what is 1c1641 + 6?
1c1647
In base 10, what is -5 - -68169?
68164
In base 14, what is -1c - -ac5?
aa7
In base 3, what is 2200 - -21221121?
22001021
In base 6, what is -3204 + 11?
-3153
In base 9, what is -3 + 164363?
164360
In base 14, what is 111a4 + 4?
111a8
In base 16, what is 1 + -b5c9e?
-b5c9d
In base 8, what is -3 + -21726?
-21731
In base 16, what is ba77 + -4?
ba73
In base 12, what is -4 - -15678?
15674
In base 9, what is -546 - -1015?
358
In base 4, what is -200221 + -2?
-200223
In base 11, what is -291 + -51?
-332
In base 7, what is 16335312 + -4?
16335305
In base 8, what is -25 + -152122?
-152147
In base 11, what is 788a5 - -1?
788a6
In base 5, what is 2230323420 + 2?
2230323422
In base 6, what is -43 - -111202?
111115
In base 16, what is -9449 - c?
-9455
In base 12, what is -3730 + 3?
-3729
In base 5, what is 11440 + -44?
11341
In base 10, what is -3 + -11032?
-11035
In base 15, what is -d51 + 29?
-d27
In base 9, what is 74 + 708?
783
In base 13, what is -b84 + 21?
-b63
In base 12, what is 64b - 4?
647
In base 10, what is 5 + -8101?
-8096
In base 8, what is -53226 - -3?
-53223
In base 5, what is 32440221 + -4?
32440212
In base 5, what is -112212 - 1?
-112213
In base 4, what is -1000 + -113113312?
-113120312
In base 11, what is -2 - -3a20?
3a19
In base 9, what is 4 + -158880?
-158875
In base 13, what is -2a64 + -1?
-2a65
In base 4, what is 10220302 + -1022?
10213220
In base 2, what is 11 + 1101101001100?
1101101001111
In base 12, what is 43217 + 3?
4321a
In base 5, what is 221 - -341110?
341331
In base 8, what is -321 - -431?
110
In base 15, what is 15dd - 1ea?
13e3
In base 9, what is 1 - -64436?
64437
In base 10, what is -11834 - 17?
-11851
In base 5, what is 3213 - 44?
3114
In base 4, what is 10232322 - 3?
10232313
In base 16, what is 4 + 379f?
37a3
In base 7, what is -4602 + 4356?
-213
In base 10, what is 1680 + 144?
1824
In base 10, what is 2 - -227730?
227732
In base 6, what is 12011 + 3203?
15214
In base 7, what is 300614 - 23?
300561
In base 15, what is -401ad + -4?
-401b2
In base 10, what is 3 - -215279?
215282
In base 11, what is -14 + -368?
-381
In base 4, what is -3 + 230022?
230013
In base 11, what is 4056a + -a?
40560
In base 6, what is 2 + -15503?
-15501
In base 11, what is 0 - 17166?
-17166
In base 5, what is 2 - -11414020?
11414022
In base 10, what is -11790 - 2?
-11792
In base 12, what is 4 + 164759?
164761
In base 9, what is 16 + -12717?
-12701
In base 12, what is 2 + -4700?
-46ba
In base 11, what is 224 + 24a?
473
In base 9, what is 16153 + 16?
16170
In base 16, what is -b - 26d?
-278
In base 9, what is 120068 - -5?
120074
In base 15, what is -1ea - c1?
-2bb
In base 6, what is -1552315 - 32?
-1552351
In base 8, what is 377 + -5662?
-5263
In base 10, what is 35264 - -14?
35278
In base 2, what is -110111100 - 101011?
-111100111
In base 15, what is c2 + 151?
223
In base 11, what is 1 + -4113a7?
-4113a6
In base 9, what is 1134 - 0?
1134
In base 7, what is -13 + 334103?
334060
In base 13, what is -27ba09 + -2?
-27ba0b
In base 5, what is 223133 + -103?
223030
In base 9, what is 76 - 1880?
-1803
In base 2, what is 10000110110100010 + -100101?
10000110101111101
In base 14, what is 111 - 180b?
-16da
In base 5, what is 4011 + 231?
4242
In base 3, what is 0 + -102120021?
-102120021
In base 13, what is 129a4 + -5?
1299c
In base 13, what is -57787 - 0?
-57787
In base 14, what is 12d + 6b?
19a
In base 11, what is -147 - -1842?
16a6
In base 7, what is 5611601 + 6?
5611610
In base 11, what is 281a32 + 5?
281a37
In base 16, what is -b176 - 6?
-b17c
In base 9, what is -436 - 14?
-451
In base 16, what is -7 - -90b?
904
In base 12, what is -1 + 7919a?
79199
In base 12, what is -23829 - -4?
-23825
In base 11, what is -9 - -9865?
9857
In base 12, what is -173 - -66aa?
6537
In base 16, what is 10 - -14c53?
14c63
In base 16, what is -145b - 8?
-1463
In base 11, what is 15 - 12842?
-12828
In base 4, what is -3231 + 130331?
121100
In base 9, what is -4 - 467688?
-467703
In base 16, what is -a240 - 5?
-a245
In base 4, what is -1011223001 - -2?
-1011222333
In base 2, what is -1010010101 - 100100011111?
-101110110100
In base 3, what is -11102 + -1110022111?
-1110110220
In base 11, what is -298 - 108?
-3a5
In base 14, what is 38 - 3db?
-3a3
In base 5, what is -1042 + -214241?
-220333
In base 7, what is -4301 - -14?
-4254
In base 8, what is 605 - 224?
361
In base 9, what is -7837 + -162?
-8110
In base 10, what is -218538 - 3?
-218541
In base 13, what is 27744 - -2?
27746
In base 2, what is -1101101000 + 1010001?
-1100010111
In base 13, what is -3 + -27ab?
-27b1
In base 14, what is -55 - -1616?
15a1
In base 11, what is -15 - -314?
2aa
In base 8, what is 16 + 211054?
211072
In base 14, what is 6c0 + -6?
6b8
In base 15, what is -13 + -381?
-394
In base 3, what is -1110221112 - 12?
-1110221201
In base 4, what is -2 - -332121?
332113
In base 13, what is -13636 - -39?
-135ca
In base 11, what is 2 - 460196?
-460194
In base 2, what is 100 - -100111010000011111?
100111010000100011
In base 4, what is 2 + 13032120?
13032122
In base 14, what is 2 - 1343?
-1341
In base 9, what is -341784 - 5?
-341800
In base 16, what is -5 - a52?
-a57
In base 4, what is 2002330 - -3020?
2012010
In base 2, what is -111101 - -1110000?
110011
In base 16, what is 9bf - -1b?
9da
In base 12, what is 747 + -980?
-235
In base 13, what is -40081 - -5?
-40079
In base 8, what is 342256 + 2?
342260
In base 4, what is -10 - -1233300002?
1233233332
In base 12, what is 1 + -719?
-718
In base 4, what is -1 + 2222212220?
2222212213
In base 11, what is 4 + -8a77?
-8a73
In base 14, what is -50c1 - -b?
-50b4
In base 11, what is 37 + -206?
-17a
In base 6, what is -2231 - 10401?
-13032
In base 6, what is -4 + 3424315?
3424311
In base 11, what is 1094 - 201?
993
In base 9, what is -48 + -7477?
-7536
In base 16, what is -1 + 1b46?
1b45
In base 6, what is 3224340 + -2?
3224334
In base 15, what is 202 - -7a?
27c
In base 11, what is a3117 - -5?
a3121
In base 6, what is -44533 - 2020?
-50553
In base 3, what is -2010 + -220112?
-222122
In base 12, what is 967b19 + 3?
967b20
In base 14, what is 2 - -53154?
53156
In base 14, what is 4cc38 + -5?
4cc33
In base 3, what is -11 - 202112002?
-202112020
In base 13, what is -279 + 3?
-276
In base 12, what is -5157 - -7?
-5150
In base 7, what is 3 - -1026233?
1026236
In base 11, what is -70 + -4a7?
-567
In base 14, what is 5 - -d2b95?
d2b9a
In base 13, what is 16b439 - 4?
16b435
In base 8, what is -251234 + 41?
-251173
In base 6, what is -455 + -10301?
-11200
In base 13, what is -1a10996 - 4?
-1a1099a
In base 16, what is dd4 + 2?
dd6
In base 16, what is 4 - -cee60?
cee64
In base 8, what is -137415 - -2?
-137413
In base 16, what is -5 - -68bc?
68b7
In base 4, what is 12220 +